 + -6 - -18).
-1
Calculate -262 - -248 - (-14 - 1).
1
Calculate (-1 - (-12 + 1)) + -8 - 3.
-1
-2 + (4 - -6) + (14 - (12 + -13))
23
What is (1 - 0) + ((9 - 16) + 3 - 4)?
-7
Evaluate -14 + 9 + (15 - 12).
-2
Evaluate -4 - 10 - (8 + -14 + 4 + -10).
-2
26 - 12 - 10 - (0 - 12)
16
Evaluate -998 + 1019 + (-11 - 2) + 2.
10
What is (-14 - (-11 + -1)) + 5 + 10 + -2?
11
What is the value of 7 - (5 + (23 - (2 + 11)))?
-8
What is the value of (3 - (-2 + 0)) + (-24 + 2 - -11)?
-6
What is the value of -3 + (-3 - -5) + 4 - (2 - 4)?
5
What is (-189 - -185) + (-1 - 4)?
-9
What is the value of 10 + (9 - 8 - 4) + -15?
-8
-17 - (-5 + -9) - 19
-22
What is the value of -9 - (-27 + -19 + 38 + (9 - 1))?
-9
What is the value of -9 + (-3 - (-9 - -2)) + 3?
-2
What is the value of -2 - (-23 + 14) - 7?
0
Calculate -8 - (31 + -41 + 10).
-8
Calculate (-31 - (-2 - -3)) + 0 + (-145 - -143).
-34
What is -4 + (0 - 1) - (-3 - (27 + -22))?
3
Calculate -3 - ((4 - 14) + 0 + 3).
4
Evaluate 27 + -29 + 7 - -6.
11
Calculate (20 - 7) + (-9 - -11).
15
What is the value of 6 + (-4 + 19 - 9) + -26?
-14
What is -2 + -2 + 18 - 17?
-3
Evaluate 12 + 9 + (-6 - (10 + 2)).
3
Evaluate 1 + (-11 - (8 + -5 + -6)) + 1.
-6
Calculate 20 + (10 - (23 - 5)).
12
Evaluate 15 + 2 + (66 - 50 - (17 - 1)).
17
What is the value of 48 + -52 + (4 - 10 - 0 - 1)?
-11
Calculate -1 - (-20 + (2 - -17 - 9)).
9
-248 + 270 + (-2 - 9)
11
What is the value of -64 + 57 - (0 + 4) - -5 - -12?
6
What is the value of (-5 - (2 + -16 + 12)) + 15 + -1?
11
What is -13 - (-1 + -1 - (293 - 252))?
30
What is the value of -3 - (-10 + -12 + (7 - 0))?
12
Calculate (4 - (5 + -3 - (24 + -20))) + -7.
-1
What is the value of -6 - (16 + 18 + -46 - (-27 - 2))?
-23
What is -2 + 11 - (-10 - -8)?
11
What is 34 + -27 + (1 - 23) - -6?
-9
What is 1 + -27 - (155 + -177)?
-4
-3 + -1 + -4 + (12 + 7 - 1)
10
10 - (-26 - (1 - ((1 - -2) + 6)))
28
Calculate 0 + 5 - (-10 + 24 - 14).
5
What is 1 + ((-2 - -25) + -20 - 8)?
-4
Evaluate (0 - -1) + (200 - 193) + (33 - 10).
31
28 + (5 - 17) + 4 - 4
16
-42 - 3 - (42 + -76 + 16)
-27
Calculate (-296 - -292) + -1 + (1 - 2 - 4).
-10
What is 16 - (17 + 1 + -4)?
2
Evaluate -20 - (23 - (36 + -16)).
-23
(-27 + 12 - (-2 - 1)) + 29 + -31
-14
What is the value of (8 - -1) + (-439 - -410) - -4?
-16
What is the value of -2 + 6 + -5 - (-41 + 29)?
11
What is -9 - ((13 - 2) + -4 - 4 - 0)?
-12
(-4 - (0 - -4 - -7)) + (-3 - 4)
-22
39 + -19 + -2 + -5
13
Evaluate 196 + -201 + (1 - -11).
7
What is (-132 - -122) + (1 - -7) - -23?
21
(-33 - -35) + 18 + -42
-22
What is (-4 + (-16 - -7) - -4) + -19?
-28
Calculate 4 + (4 - (-33 + 6 + -1)) + -4.
32
Evaluate -9 + (-3 - (-15 - -9) - 14 - -8).
-12
63 - 62 - (2 + 15 - 1) - 11
-26
Evaluate -77 - (-7 + (12 - 44)).
-38
24 - 39 - -32 - (-18 - 1)
36
Calculate -1 - (4 - -8) - -14.
1
Calculate -1 + -30 + (360 - 351).
-22
Calculate 8 + -3 + -6 + 5 + 15 + 2.
21
What is the value of 187 - 186 - (0 - 1 - 1)?
3
Evaluate 15 - (31 + -7 - 11).
2
Calculate 5 - (-7 + (6 - 11 - -5)).
12
21 + 8 + -10 - 18
1
Evaluate -3 + 9 + (28 - 34) + (7 - 1).
6
What is the value of (-3 - -6) + 33 + -18 + 1 + -4?
15
Evaluate -7 - (-5 + -1 - 0).
-1
14 + 2 - -2 - (-40 + 44)
14
Evaluate -10 - (-9 + 16 + -9 + 5).
-13
What is (10 - 60) + 17 + 13 - -15?
-5
-1 + (-23 + -6 - 1) + 11 + -9
-29
What is the value of 8 + -9 + (19 - 43 - -6)?
-19
Calculate 10 - 6 - (3 + -1 - (-5 + 6)).
3
Evaluate -21 + (6 - -17) - 2.
0
-17 + 2 + -463 + 498
20
What is (25 - 35) + 17 - 0?
7
What is -3 - 0 - (-11 - -2) - (12 + -21)?
15
What is the value of -27 + 8 + 38 - 2?
17
7 - (7 + -18 + -6 - -13)
11
What is the value of -6 - ((5 - 0) + 50 + -53)?
-8
What is (1 - 4 - -1) + -118 + 111?
-9
3 + 25 - (7 - (0 + -7))
14
What is the value of 16 - 1 - (43 - (5 - -34))?
11
What is (-137 - -141) + (-9 - 1)?
-6
What is (0 + 5 - -11) + -3 + 1?
14
-1 + 13 + -5 - (-18 - -24)
1
8 + -17 + (-20 - (-5 - 2))
-22
Calculate 52 + -40 + (1 - 2) - 18.
-7
What is 0 + 9 - (28 + 1 + 4 + 2)?
-26
(14 - 11 - 11 - 3) + 1
-10
-6 + 4 + 14 - ((12 - 8) + 22)
-14
Calculate 58 + -48 + (-8 - 8).
-6
Evaluate -3 + -16 - (-9 - (-14 - 0) - -1).
-25
What is the value of (19 - 24) + (9 - 17)?
-13
-128 + 146 - (-5 - -29)
-6
What is -6 - (-18 + -1 + (1 - 2 - -2))?
12
What is 61 + -51 + (5 - (3 + 37))?
-25
Evaluate (31 - 14 - (24 + 7)) + 14.
0
Evaluate -11 + (1 - (5 + -18)).
3
-44 + 34 - (3 + -8 - 0)
-5
What is 48 + 77 + -143 + (21 - 0)?
3
Evaluate (0 + 3 + 0 - 12) + -3.
-12
What is -31 + (74 - 36) - (1 - -9)?
-3
Evaluate -2 + 3 + (6 - (9 - (-4 + 1))).
-5
What is the value of (-7 - (-11 + (-13 - -15))) + (3 - 1)?
4
Calculate 7 + (-2 - 0 - -1 - -9).
15
Evaluate 7 + -22 + 0 + (6 - (16 + -8)).
-17
-12 - (-3 + 1 - -12 - 6)
-16
Evaluate -4 - ((1 - 9 - 1) + -178 + 191).
-8
Evaluate 38 + -16 + -15 + -21.
-14
Calculate -16 + (14 - -6) + -17.
-13
Evaluate (-5 - -20 - 15) + (4 - -1) - -1.
6
Evaluate -12 - (1 - (-6 + 10 + -1)).
-10
What is (5 - -41 - 12) + -56?
-22
Evaluate -12 + (-17 - -9) + 22.
2
Evaluate -34 - (2 - 9) - -33.
6
What is (4 - 2 - 4) + -29 + 34?
3
What is -50 - (47 - 35 - 34)?
-28
What is -59 + (66 - 26) + (-3 - -2)?
-20
Evaluate 35 + -18 + -18 - (-2 - 7).
8
What is -10 - -6 - (0 + (6 - 10) + 4)?
-4
What is the value of 3 + (2 - (12 + -6 + -4))?
3
What is the value of -24 + 28 + -14 + (-4 - -4)?
-10
What is -10 + 13 - (-4 + 0) - (16 - 0)?
-9
What is -7 - (-6 - (-38 - -19))?
-20
6 + -137 + 127 + -1 + 16 + 5
16
33 + (-36 - (-15 - 3))
15
Calculate 11 - (-1 + -8 + 72 + -73).
21
Evaluate (1 - (-8 - (6 + -14)) - -7) + -1.
7
-13 - (-6 + (-7 - (-7 + -7)) - 3)
-11
Evaluate -3 + -11 + (-21 - -21) + 22.
8
Calculate -18 + 29 - 6 - (-5 + -18 - -3).
25
Evaluate 5 + -14 + 6 + -20 + -1 + 2.
-22
6 - 35 - (5 - (-21 + 41))
-14
What is -4 - ((-31 - -15) + -25)?
37
What is 11 - (25 + (-4 - 14))?
4
What is 2 + -4 - -10 - (-8 + 9)?
7
Calculate 4 + 13 - (-31 - -75 - 50).
23
-485 + 533 - (20 + -1)
29
What is the value of (40 - 37) + -10 + -1 - (0 - -7)?
-15
What is (-37 - -24) + 33 + -33?
-13
Calculate 16 - (10 + -5 - -6) - 1 - -28.
32
Evaluate 23 - -3 - (2 + 15).
9
Evaluate 1 + 2 + (-57 - -63) + (0 - -10).
19
Calculate -13 + (-5 - -4 - -17).
3
What is -3 - (13 + -2) - -2 - -4?
-8
(-1 - 1) + -50 + 54 + 5 + -3
4
(-19 - -2) + 84 + -56
11
What is the value of -2 - -9 - (-14 + (7 - -15) - 15)?
14
Evaluate 13 - (-2 - -2 - (-59 + 71)).
25
Calculate (-21 + 24 - 42) + 3.
-36
Evaluate 9 + 14 + -1 + -9 + -8.
5
What is the value of 7 - (22 + 0 + -77 + 73)?
-11
Evaluate 31 + -7 + -15 - 1.
8
1 + 0 + 6 - (-19 - (-54 - -26))
-2
20 + 1 + (5 - ((-19 - -7) + 7))
31
What is -4 + 13 - 7 - 11?
-9
Evaluate -538 + 556 + (2 - (-6 - -2)).
24
Evaluate 11 - (9 - 0 - 4).
6
What is (-40 - (12 - -1 - 8)) + 14?
-31
1 + -15 + 25 + -7
4
-17 + (-16 - -17) + 20
4
What is 10 + 4 + (-28 - -15)?
1
What is -10 + (-10 - (32 - 34))?
-18
Evaluate -28 - (-29 + 27 - 5).
-21
Evaluate (7 + -32 + 6 - -12) + (2 - -1).
-4
-8 + 6 + 4 - -1 - 6 - -2
-1
-3 + 4 - (0 + -17)
18
-15 - (-33 + 44 - -9)
-35
Evaluate -12 + -1 - (-249 + 217).
19
What is -14 + (-16 - -14 - -26)?
10
What is the value of -22 + (-10 - -17 - -9)?
-6
Evaluate -8 + (-1 - (-14 + -2 + 42)).
-35
Evaluate (-4 - (-5 + -22)) + (3 - 9).
17
What is -31 - (-61 + 32) - (-15 + 1)?
12
Calculate 3 - (-13 + 0 + 5).
11
Calculate -1 + -1 - (-91 + 87).
2
-12 - (5 + -20) - -17
20
3 + (-12 - -23 - 11) + 1 + 4
8
What is 16 - ((-1 - (-1 + -1)) + -105 + 109)?
11
Calculate (-14 + 22 - 19) + 14 - 13.
-10
-15 + (-1 - -1 - (55 + -59))
-11
Evaluate 69 - (51 - -15) - (22 - (1 - -1)).
-17
What is -36 + (-16 - -42 - -2)?
-8
Calculate 30 + (14 + -22 - 5).
17
What is 0 + 19 - (416 - 378)?
-19
What is 36 + -37 - ((-2 - 7) + -2)?
10
Calculate 0 + (14 - (15 + -2)) + -29.
-28
Evaluate -35 + -10 + 21 - (1 + -10).
-15
Calculate 19 + (23 - 38) + 0 + -4 - -7.
7
24 - (15 + (-22 - (-11 + -2)))
18
-8 - ((-2 - 5) + (17 + -15 - 1))
-2
7 + -6 + 2 + (16 - 9)
10
What is 25 - (-11 - -19) - (7 - 4) - -2?
16
What is 5 - (-1 - 3 - (-1 + (5 - 12)))?
1
(-10 - -1) + (-142 - -160) + (-2 - 2)
5
Calculate -45 - -34 - (-6 - 1).
-4
What is (-2 - -4) + 37 + -33 - (3 - 2)?
5
Evaluate (-183 - -176) + 1 + (-1 - 0) - 2.
-9
Evaluate -8 + (22 + -6 + -6 + -12 - -39).
29
Calculate 7 + -10 + (11 - -6).
14
-3 + (5 - 2 - 1 - -10)
9
-15 + 6 - (-32 - -21)
2
-16 + (50 - 32) - 25
-23